{"id":8,"date":"2012-04-10T20:19:43","date_gmt":"2012-04-10T20:19:43","guid":{"rendered":"https:\/\/wordpress.clarku.edu\/yogneva\/?page_id=8"},"modified":"2017-01-14T13:41:08","modified_gmt":"2017-01-14T13:41:08","slug":"publications","status":"publish","type":"page","link":"https:\/\/wordpress.clarku.edu\/yogneva\/publications\/","title":{"rendered":"Publications"},"content":{"rendered":"<h3>Peer-reviewed journal publications<\/h3>\n<p>Rogan, T.M. Wright*, J. Cardille, H. Pearsall, Y. Ogneva-Himmelberger, R. Riemann, K. Riitters &amp; K. Partington, 2016. Forest fragmentation in Massachusetts, USA: a town-level assessment using Morphological Spatial Pattern Analysis and Affinity Propagation, GIScience &amp; Remote Sensing, <a href=\"http:\/\/www.tandfonline.com\/doi\/abs\/10.1080\/15481603.2016.1141448\">DOI: 10.1080\/15481603.2016.1141448<\/a><\/p>\n<p>Ogneva-Himmelberger, Y., Dahlberg, T*., Kelly, K., and Moore Simas, T., 2015. Using Geographic Information Science to Explore Associations between Air Pollution, Environmental Amenities, and Preterm Births. <em>AIMS Public Health<\/em>, 2(3): 469-486. <a href=\"http:\/\/www.aimspress.com\/article\/10.3934\/publichealth.2015.3.469\">doi<em>: <\/em>10.3934<em>\/<\/em>publichealth<em>.<\/em>2015.3.469<\/a><\/p>\n<p>Ogneva-Himmelberger, Y. and Huang, L*. 2015. Spatial distribution of unconventional gas wells and human populations in the Marcellus Shale in the United States: Vulnerability analysis <em>Applied Geography, <\/em>60: 165-174. <a href=\"http:\/\/www.sciencedirect.com\/science\/article\/pii\/S0143622815000776\">doi:10.1016\/j.apgeog.2015.03.011<\/a><em>&nbsp; <\/em><\/p>\n<p>Ogneva-Himmelberger, Y., Meng, F.* 2014. Geospatial analysis of neighborhood characteristics and access to fresh produce: The role of farmers\u2019 markets and roadside farm stands. <em>International Journal of Applied Geospatial Research, <\/em>5 (3):68-81<em>.<\/em><a href=\"http:\/\/www.igi-global.com\/article\/geospatial-analysis-of-neighborhood-characteristics-and-access-to-fresh-produce\/118260\">DOI: 10.4018\/ijagr.2014070105<\/a><\/p>\n<p>Shatz,A.*, Rogan, J., Sangermano, F., Ogneva-Himmelberger, Y. , and Chen, H. 2013. Characterizing the potential distribution of the invasive Asian longhorned beetle (Anoplophora glabripennis) in Worcester County, Massachusetts. <em>Applied Geography<\/em>, 45: 259-268.<a href=\"http:\/\/www.sciencedirect.com\/science\/article\/pii\/S0143622813002415\">DOI: 10.1016\/j.apgeog.2013.10.002<\/a><\/p>\n<p>Lenhardt, J.* and Ogneva-Himmelberger, Y. 2013. Environmental Injustice in the Spatial Distribution of Concentrated Animal Feeding Operations in Ohio. <em>Environmental Justice<\/em>, 6 (4) <a href=\"http:\/\/online.liebertpub.com\/doi\/abs\/10.1089\/env.2013.0023\">DOI: 10.1089\/env.2013.0023 &nbsp;<\/a><\/p>\n<p>Harun, R.* and Ogneva-Himmelberger, Y. 2013. Distribution of Industrial Farms in the US and Socio-economic, Health and Environmental Characteristics of Counties. <em>Geography Journal. <\/em>Volume 2013, Article ID 385893, 12 pages <a href=\"http:\/\/dx.doi.org\/10.1155\/2013\/385893\">http:\/\/dx.doi.org\/10.1155\/2013\/385893<\/a><\/p>\n<p>Schwert, B.*, Rogan, J., Giner, N.*, Ogneva-Himmelberger, Y., Blanchard, S.*, Woodcock, C. 2013. A comparison of support vector machines and manual change detection for land-cover map updating in Massachusetts, USA. Remote Sensing Letters, Vol. 4 (9): 882-890. <a href=\"http:\/\/dx.doi.org\/10.1080\/2150704X.2013.809497\">http:\/\/dx.doi.org\/10.1080\/2150704X.2013.809497<\/a><\/p>\n<p>Taus, A.*, Ogneva-Himmelberger, Y., Rogan, J. 2013<em>. <\/em>Conversion to Organic Farming in the Continental US: A Geographically Weighted Regression Analysis. <em>Professional Geographer <\/em>65 (2), 187-204. DOI: 10.1080\/00330124.2011.639634<\/p>\n<p>Ogneva-Himmelberger, Y., R. Rakshit* and H. Pearsall *, 2013. Examining the impact of environmental factors on quality of life across Massachusetts<em>.<\/em> <em>Professional Geographer <\/em>65(1): 87-102. <strong>DOI:<\/strong> 10.1080\/00330124.2011.639631<\/p>\n<p>Hattis, D.*, Ogneva-Himmelberger, Y. Ratick, S. 2012. The Spatial Variability of Heat Related Mortality in Massachusetts. <em>Applied Geography <\/em>33: 45- 52.doi:10.1016\/j.apgeog.2011.07.008<\/p>\n<p>Carnes, A.*, Ogneva-Himmelberger, Y. 2011. Temporal Variations in the Distribution of West Nile Virus within the United States; 2000-2008. <em>Applied Spatial Analysis and Policy. <\/em>5: 211-229.DOI 10.1007\/s12061-011-9067-7<\/p>\n<p>Downs T.J., Ogneva-Himmelberger Y., Aupont O., Wang Y.*, Raj A.*, Zimmerman P.*, et al. 2010. Vulnerability-based Spatial Sampling Stratification for the National Children\u2019s Study-Worcester County, Massachusetts: Capturing Environmental and Socio-Demographic Variability. <em>Environmental Health Perspectives<\/em> 118 (9): 1318-1325<em>.<\/em>doi:10.1289\/ehp.0901315<\/p>\n<p>Ogneva-Himmelberger, Y., Ross, L., Burdick, W. * and Simpson, S*. 2010 Using Geographic Information Systems to Compare the Concentration of Stores Selling Tobacco and Alcohol:&nbsp; Youth Making an Argument for Increased Regulation of the Tobacco Permitting Process in Worcester, Massachusetts. <em>Tobacco Control <\/em>19:475-480. doi:10.1136\/tc.2008.029173<\/p>\n<p>Ogneva-Himmelberger, Y. and Cooperman, B.* 2010. Spatio-temporal analysis of noise pollution near Boston Logan airport: Who carries the cost? <em>Urban Studies<\/em>, 47: 169-182. doi:10.1177\/0042098009346863<\/p>\n<p>M\u00fcller, J., Ogneva-Himmelberger, Y., Lloyd, S.* and Reed, M. <sup>&nbsp;<\/sup>2010. Predicting pre-historic taro lo\u2019i distribution on Hawaii. <em>Economic Botany<\/em>, 64(1): 22\u201333. DOI 10.1007\/s12231-010-9113-4<\/p>\n<p>Ogneva-Himmelberger, Y., C. Pearsall* and R. Rakshit*, 2009<em>. <\/em>Concrete evidence &amp; geographically weighted regression: A regional analysis of wealth and the land cover in Massachusetts. <em>Applied Geography<\/em> 29: 478-487.&nbsp; DOI: 10.1016\/j.apgeog.2009.03.001<\/p>\n<p>Rakshit, R* and Ogneva-Himmelberger, Y. 2009. Teaching and learning guide for \u201cApplication of virtual globes in education\u201d paper. <em>Geography Compass <\/em>3(4):&nbsp;1579-1595.<\/p>\n<p>McEntee, J.* and Ogneva-Himmelberger, Y. 2008. Diesel particulate matter, lung cancer, and asthma incidences along major traffic corridors in MA, USA: A GIS analysis. <em>Health and Place <\/em>14:815-826. DOI: 10.1016\/j.healthplace.2008.01.002<\/p>\n<p>Geoghegan, G., S.C. Villar, P. Klepeis*, P.M. Mendoza, Y. Ogneva-Himmelberger, R.R. Chowdhury*, B.L. Turner, C. Vance*, 2001. Modeling tropical deforestation in the southern Yucatan peninsular region: comparing survey and satellite data. <em>Agriculture,<\/em> <em>Ecosystems and Environment<\/em>, 85 (1-3): 25-46. DOI: 10.1016\/S0167-8809(01)00201-8<\/p>\n<p>Cortina Villar, S., P. Macario Mendoza, and Y. Ogneva-Himmelberger, 1999. Cambios en el uso del suelo y deforestaci\u00f3n en el sur de los estados de Campeche y Quintana Roo, M\u00e9xico. <em>Investigaciones Geogr\u00e1ficas<\/em>, 38 : 41-56 (in Spanish)<\/p>\n<p>Himmelberger, J. J., M. L. Baughman, and Y. A. Ogneva-Himmelberger, 1995. Tourism Impacts of the Three Mile Island and other adverse events: Implications for Lincoln County, Nevada and other counties bisected by radioactive wastes intended for Yucca Mountain. <em>Journal of Environmental Management,<\/em> 19 (6): 915-922.<\/p>\n<p>&nbsp;<\/p>\n<h3>Peer-reviewed books<\/h3>\n<p>Agyeman, J and Ogneva-Himmelberger, Y (editors.) 2009 <em>Environmental Justice and Sustainability in the Former Soviet Union (FSU)<\/em>. MIT Press, Cambridge, MA<br \/>\n(<a href=\"http:\/\/mitpress.mit.edu\/catalog\/item\/default.asp?ttype=2&amp;tid=11804\" target=\"_blank\">http:\/\/mitpress.mit.edu\/catalog\/item\/default.asp?ttype=2&amp;tid=11804<\/a>)<\/p>\n<p>&nbsp;<\/p>\n<h3>Peer-reviewed book chapters<\/h3>\n<p>Chowdhury, R.R., L. Schneider, Y. Ogneva-Himmelberger, P. Macario Mendoza, and S. Cortina Villar, 2004. Land Cover and Land Use: Classification and Change Analysis. In B. L. Turner II, Jacqueline Geoghegan, David R. Foster (Editors), <em>Integrated Land-Change Science and Tropical Deforestation in the Southern Yucatan &#8211; Final Frontiers<\/em>, Oxford University Press, pp. 105-141.<\/p>\n<p>Ogneva-Himmelberger,Y., 1998. Simulation of land-cover changes: Integrating GIS, socio-economic and ecological processes, and Markov chain models. In H. Onsrud and M. Craglia (eds.) <em>Geographic Information Research: Transatlantic perspectives<\/em>. Taylor and Francis Ltd., pp. 263-274.<\/p>\n","protected":false},"excerpt":{"rendered":"<p>Peer-reviewed journal publications Rogan, T.M. Wright*, J. Cardille, H. Pearsall, Y. Ogneva-Himmelberger, R. Riemann, K. Riitters &amp; K. Partington, 2016. Forest fragmentation in Massachusetts, USA: a town-level assessment using Morphological Spatial Pattern Analysis and Affinity Propagation, GIScience &amp; Remote Sensing, &hellip;<\/p>\n<p class=\"read-more\"> <a class=\"more-link\" href=\"https:\/\/wordpress.clarku.edu\/yogneva\/publications\/\"> <span class=\"screen-reader-text\">Publications<\/span> Read More &raquo;<\/a><\/p>\n","protected":false},"author":91,"featured_media":0,"parent":0,"menu_order":15,"comment_status":"closed","ping_status":"closed","template":"","meta":{"ngg_post_thumbnail":0,"footnotes":""},"class_list":["post-8","page","type-page","status-publish","hentry"],"_links":{"self":[{"href":"https:\/\/wordpress.clarku.edu\/yogneva\/wp-json\/wp\/v2\/pages\/8","targetHints":{"allow":["GET"]}}],"collection":[{"href":"https:\/\/wordpress.clarku.edu\/yogneva\/wp-json\/wp\/v2\/pages"}],"about":[{"href":"https:\/\/wordpress.clarku.edu\/yogneva\/wp-json\/wp\/v2\/types\/page"}],"author":[{"embeddable":true,"href":"https:\/\/wordpress.clarku.edu\/yogneva\/wp-json\/wp\/v2\/users\/91"}],"replies":[{"embeddable":true,"href":"https:\/\/wordpress.clarku.edu\/yogneva\/wp-json\/wp\/v2\/comments?post=8"}],"version-history":[{"count":0,"href":"https:\/\/wordpress.clarku.edu\/yogneva\/wp-json\/wp\/v2\/pages\/8\/revisions"}],"wp:attachment":[{"href":"https:\/\/wordpress.clarku.edu\/yogneva\/wp-json\/wp\/v2\/media?parent=8"}],"curies":[{"name":"wp","href":"https:\/\/api.w.org\/{rel}","templated":true}]}}