{"id":28,"date":"2012-05-24T15:28:58","date_gmt":"2012-05-24T15:28:58","guid":{"rendered":"https:\/\/wordpress.clarku.edu\/rtobin\/?page_id=28"},"modified":"2012-06-08T20:57:12","modified_gmt":"2012-06-08T20:57:12","slug":"2012-2","status":"publish","type":"page","link":"https:\/\/wordpress.clarku.edu\/rtobin\/leir-chair-programming\/2012-2\/","title":{"rendered":"2011-2012"},"content":{"rendered":"<p><strong>Stanley Corngold (Princeton University), \u201cFranz Kafka and the Poetry of Risk Insurance.\u201d April 2012.<\/strong><\/p>\n<p><a href=\"https:\/\/wordpress.clarku.edu\/wp-content\/uploads\/sites\/154\/2012\/05\/Kafka-Poster.jpg\"><img loading=\"lazy\" decoding=\"async\" class=\"aligncenter size-medium wp-image-379\" src=\"https:\/\/wordpress.clarku.edu\/wp-content\/uploads\/sites\/154\/2012\/05\/Kafka-Poster-197x300.jpg\" alt=\"\" width=\"197\" height=\"300\" srcset=\"https:\/\/wordpress.clarku.edu\/rtobin\/wp-content\/uploads\/sites\/154\/2012\/05\/Kafka-Poster-197x300.jpg 197w, https:\/\/wordpress.clarku.edu\/rtobin\/wp-content\/uploads\/sites\/154\/2012\/05\/Kafka-Poster-672x1024.jpg 672w\" sizes=\"auto, (max-width: 197px) 100vw, 197px\" \/><\/a><\/p>\n<p><strong>German Film and the Frankfurt School. Spring 2012<\/strong><\/p>\n<p>Gerhard Richter (Brown University), \u201cWalter Benjamin\u2019s \u2018The Work of Art in the Age of Mechanical Reproduction.\u2019\u201d March 2012.<\/p>\n<p><a href=\"https:\/\/wordpress.clarku.edu\/wp-content\/uploads\/sites\/154\/2012\/05\/Isenberg-Poster.jpg\"><img loading=\"lazy\" decoding=\"async\" class=\"alignleft size-medium wp-image-385\" src=\"https:\/\/wordpress.clarku.edu\/wp-content\/uploads\/sites\/154\/2012\/05\/Isenberg-Poster-238x300.jpg\" alt=\"\" width=\"238\" height=\"300\" srcset=\"https:\/\/wordpress.clarku.edu\/rtobin\/wp-content\/uploads\/sites\/154\/2012\/05\/Isenberg-Poster-238x300.jpg 238w, https:\/\/wordpress.clarku.edu\/rtobin\/wp-content\/uploads\/sites\/154\/2012\/05\/Isenberg-Poster.jpg 764w\" sizes=\"auto, (max-width: 238px) 100vw, 238px\" \/><\/a>Noah Isenberg (Eugene Lang College, The New School for Liberal Arts), \u201cRevisiting \u2018The Decent German\u2019: Siegfried Kracauer\u2019s Critique of Postwar German Film.\u201d March 2012.<\/p>\n<p>&nbsp;<\/p>\n<p>&nbsp;<\/p>\n<p>&nbsp;<\/p>\n<p>&nbsp;<\/p>\n<p>&nbsp;<\/p>\n<p><a href=\"https:\/\/wordpress.clarku.edu\/wp-content\/uploads\/sites\/154\/2012\/05\/Jennings-Poster.jpg\"><img loading=\"lazy\" decoding=\"async\" class=\"alignright size-medium wp-image-386\" src=\"https:\/\/wordpress.clarku.edu\/wp-content\/uploads\/sites\/154\/2012\/05\/Jennings-Poster-230x300.jpg\" alt=\"\" width=\"230\" height=\"300\" srcset=\"https:\/\/wordpress.clarku.edu\/rtobin\/wp-content\/uploads\/sites\/154\/2012\/05\/Jennings-Poster-230x300.jpg 230w, https:\/\/wordpress.clarku.edu\/rtobin\/wp-content\/uploads\/sites\/154\/2012\/05\/Jennings-Poster.jpg 411w\" sizes=\"auto, (max-width: 230px) 100vw, 230px\" \/><\/a>Michael Jennings (Princeton University), \u201cBenjamin, Kracauer, and the Invention of the Criticism of Popular Culture.\u201d February 2012.<\/p>\n<p>&nbsp;<\/p>\n<p>&nbsp;<\/p>\n<p>&nbsp;<\/p>\n<p>&nbsp;<\/p>\n<p>&nbsp;<\/p>\n<p><strong>Queer Theory and the Roundabout. Fall 2011<\/strong><\/p>\n<ul>\n<li>Brad Epps (Harvard University), \u201cThe (Queer) Space of the Vampire: Materiality and Disappearance in the Films of Iv\u00e1n Zulueta.\u201d December 2011.<\/li>\n<\/ul>\n<p><img loading=\"lazy\" decoding=\"async\" class=\"aligncenter size-medium wp-image-393\" src=\"https:\/\/wordpress.clarku.edu\/wp-content\/uploads\/sites\/154\/2012\/05\/Zulueta-poster-203x300.jpg\" alt=\"\" width=\"203\" height=\"300\" srcset=\"https:\/\/wordpress.clarku.edu\/rtobin\/wp-content\/uploads\/sites\/154\/2012\/05\/Zulueta-poster-203x300.jpg 203w, https:\/\/wordpress.clarku.edu\/rtobin\/wp-content\/uploads\/sites\/154\/2012\/05\/Zulueta-poster-693x1024.jpg 693w\" sizes=\"auto, (max-width: 203px) 100vw, 203px\" \/><\/p>\n<ul>\n<li>Worcester LGBT Asylum Taskforce, December 2011.<\/li>\n<\/ul>\n<p style=\"text-align: left\"><a href=\"https:\/\/wordpress.clarku.edu\/wp-content\/uploads\/sites\/154\/2012\/05\/Sexuality-and-Human-Rights-2.jpg\"><img loading=\"lazy\" decoding=\"async\" class=\"aligncenter size-medium wp-image-394\" src=\"https:\/\/wordpress.clarku.edu\/wp-content\/uploads\/sites\/154\/2012\/05\/Sexuality-and-Human-Rights-2-235x300.jpg\" alt=\"\" width=\"235\" height=\"300\" srcset=\"https:\/\/wordpress.clarku.edu\/rtobin\/wp-content\/uploads\/sites\/154\/2012\/05\/Sexuality-and-Human-Rights-2-235x300.jpg 235w, https:\/\/wordpress.clarku.edu\/rtobin\/wp-content\/uploads\/sites\/154\/2012\/05\/Sexuality-and-Human-Rights-2-805x1024.jpg 805w\" sizes=\"auto, (max-width: 235px) 100vw, 235px\" \/><\/a><\/p>\n<ul>\n<li>Thibaut Schilt (College of the Holy Cross), \u201cFran\u00e7ois Ozon and Queerness <em>\u00e0 la fran\u00e7aise.<\/em>\u201d November 2011.<\/li>\n<\/ul>\n<p><a href=\"https:\/\/wordpress.clarku.edu\/wp-content\/uploads\/sites\/154\/2012\/05\/Thibaut-Schilt-Revised.jpg\"><img loading=\"lazy\" decoding=\"async\" class=\"aligncenter size-medium wp-image-395\" src=\"https:\/\/wordpress.clarku.edu\/wp-content\/uploads\/sites\/154\/2012\/05\/Thibaut-Schilt-Revised-187x300.jpg\" alt=\"\" width=\"187\" height=\"300\" srcset=\"https:\/\/wordpress.clarku.edu\/rtobin\/wp-content\/uploads\/sites\/154\/2012\/05\/Thibaut-Schilt-Revised-187x300.jpg 187w, https:\/\/wordpress.clarku.edu\/rtobin\/wp-content\/uploads\/sites\/154\/2012\/05\/Thibaut-Schilt-Revised-640x1024.jpg 640w\" sizes=\"auto, (max-width: 187px) 100vw, 187px\" \/><\/a><\/p>\n<ul>\n<li>Andrew Parker (Amherst College), \u201cMale Maternity in Nietzsche: Queering the Mother\u2019s Gender.\u201d October 2011<\/li>\n<\/ul>\n<p><a href=\"https:\/\/wordpress.clarku.edu\/wp-content\/uploads\/sites\/154\/2012\/05\/Male_Maternity.jpg\"><img loading=\"lazy\" decoding=\"async\" class=\"aligncenter size-medium wp-image-396\" src=\"https:\/\/wordpress.clarku.edu\/wp-content\/uploads\/sites\/154\/2012\/05\/Male_Maternity-187x300.jpg\" alt=\"\" width=\"187\" height=\"300\" srcset=\"https:\/\/wordpress.clarku.edu\/rtobin\/wp-content\/uploads\/sites\/154\/2012\/05\/Male_Maternity-187x300.jpg 187w, https:\/\/wordpress.clarku.edu\/rtobin\/wp-content\/uploads\/sites\/154\/2012\/05\/Male_Maternity-640x1024.jpg 640w, https:\/\/wordpress.clarku.edu\/rtobin\/wp-content\/uploads\/sites\/154\/2012\/05\/Male_Maternity.jpg 1000w\" sizes=\"auto, (max-width: 187px) 100vw, 187px\" \/><\/a><\/p>\n<p>All posters by <a href=\"http:\/\/www.sampsonwilcox.com\/\" target=\"_blank\">Sampson Wilcox<\/a><\/p>\n","protected":false},"excerpt":{"rendered":"<p>Stanley Corngold (Princeton University), \u201cFranz Kafka and the Poetry of Risk Insurance.\u201d April 2012. German Film and the Frankfurt School. Spring 2012 Gerhard Richter (Brown University), \u201cWalter Benjamin\u2019s \u2018The Work of Art in the Age of Mechanical Reproduction.\u2019\u201d March 2012. &hellip;<\/p>\n<p class=\"read-more\"> <a class=\"more-link\" href=\"https:\/\/wordpress.clarku.edu\/rtobin\/leir-chair-programming\/2012-2\/\"> <span class=\"screen-reader-text\">2011-2012<\/span> Read More &raquo;<\/a><\/p>\n","protected":false},"author":91,"featured_media":0,"parent":15,"menu_order":10,"comment_status":"closed","ping_status":"closed","template":"","meta":{"ngg_post_thumbnail":0,"footnotes":""},"class_list":["post-28","page","type-page","status-publish","hentry"],"_links":{"self":[{"href":"https:\/\/wordpress.clarku.edu\/rtobin\/wp-json\/wp\/v2\/pages\/28","targetHints":{"allow":["GET"]}}],"collection":[{"href":"https:\/\/wordpress.clarku.edu\/rtobin\/wp-json\/wp\/v2\/pages"}],"about":[{"href":"https:\/\/wordpress.clarku.edu\/rtobin\/wp-json\/wp\/v2\/types\/page"}],"author":[{"embeddable":true,"href":"https:\/\/wordpress.clarku.edu\/rtobin\/wp-json\/wp\/v2\/users\/91"}],"replies":[{"embeddable":true,"href":"https:\/\/wordpress.clarku.edu\/rtobin\/wp-json\/wp\/v2\/comments?post=28"}],"version-history":[{"count":0,"href":"https:\/\/wordpress.clarku.edu\/rtobin\/wp-json\/wp\/v2\/pages\/28\/revisions"}],"up":[{"embeddable":true,"href":"https:\/\/wordpress.clarku.edu\/rtobin\/wp-json\/wp\/v2\/pages\/15"}],"wp:attachment":[{"href":"https:\/\/wordpress.clarku.edu\/rtobin\/wp-json\/wp\/v2\/media?parent=28"}],"curies":[{"name":"wp","href":"https:\/\/api.w.org\/{rel}","templated":true}]}}