{"id":133,"date":"2025-05-10T19:23:56","date_gmt":"2025-05-10T19:23:56","guid":{"rendered":"https:\/\/wordpress.clarku.edu\/arth223leir2025\/?page_id=133"},"modified":"2025-06-13T21:14:22","modified_gmt":"2025-06-13T21:14:22","slug":"saturday-june-7-2025","status":"publish","type":"page","link":"https:\/\/wordpress.clarku.edu\/arth223leir2025\/turkey\/saturday-june-7-2025\/","title":{"rendered":"Saturday, June 7, 2025"},"content":{"rendered":"<p>Blogger, <a href=\"https:\/\/wordpress.clarku.edu\/arth223leir2025\/sample-page\/grace-bramer\/\">Grace Bramer<\/a><\/p>\n<p><span style=\"font-weight: 400\">Good morning campers!!&nbsp;<\/span><\/p>\n<p>&nbsp;<\/p>\n<p><span style=\"font-weight: 400\">Today was filled with presentations and transportation adventures.&nbsp;<\/span><\/p>\n<p><b>The highlights:&nbsp;<\/b><\/p>\n<ul>\n<li style=\"font-weight: 400\"><span style=\"font-weight: 400\">Kariye Camii with a presentation by Jemma.<\/span><\/li>\n<li style=\"font-weight: 400\"><span style=\"font-weight: 400\">Park with a view of the Land Walls of Constantinople and a presentation by Kacie<\/span><\/li>\n<li style=\"font-weight: 400\"><span style=\"font-weight: 400\">Lunch and shopping with scrumptious ice cream<\/span><\/li>\n<li style=\"font-weight: 400\"><span style=\"font-weight: 400\">The Basilica Cistern with a presentation by yours truly (Grace)<\/span><\/li>\n<li style=\"font-weight: 400\"><span style=\"font-weight: 400\">The Blue Mosque<\/span><\/li>\n<\/ul>\n<p><b>The Morning<\/b><\/p>\n<p><span style=\"font-weight: 400\">Dear reader, how deeply I regret not taking a picture of my breakfast this morning. It was a masterpiece. My plate was full of menemen (a scrambled egg dish), chicken nuggets (served every morning), cherries, toast with apricot jam and cucumber.&nbsp;<\/span><\/p>\n<p><span style=\"font-weight: 400\">The plan for today was to take a ferry to get to our morning sites. So after breakfast, we got on a tram that would take us to the dock. The first boarding area we arrived at was the wrong one so we crossed under the streets through an underground market to the other side, where we learned that there was no ferry. We persevered though and found a bus station that would take us to where we needed to go.&nbsp;<\/span><\/p>\n<p><b>Kariye Camii<\/b><\/p>\n<p><span style=\"font-weight: 400\">A short walk from the bus station and down a large hill led us to Kariye Camii. It was a residential neighborhood, and was much quieter compared to the streets of a more central Istanbul.&nbsp;<\/span><\/p>\n<p><span style=\"font-weight: 400\">When I first walked in the building, I was struck by how vibrant and in-tact the mosaics on the ceiling were. They shined with gold and I could make out the narratives they displayed. So many of the mosaics in other mosques or churches that we have seen show their age through&nbsp;<\/span><span style=\"font-weight: 400\">lacklustre tiles and are patchy, barely alluding to what they used to be; sometimes almost invisible to the untrained eye and surviving in arches.&nbsp;<\/span><\/p>\n<p><span style=\"font-weight: 400\">The frescos in the outer<\/span><span style=\"font-weight: 400\"> narthex were also still visible. To me, the most striking was the &#8220;Descent into Hell&#8221; at the end of the hall.&nbsp;<\/span><\/p>\n<p><span style=\"font-weight: 400\">Jemma\u2019s presentation touched on the history of the building and some of the narratives visible in the frescos and mosaics.&nbsp;&nbsp;<\/span><\/p>\n<div id=\"attachment_1129\" style=\"width: 235px\" class=\"wp-caption alignnone\"><img loading=\"lazy\" decoding=\"async\" aria-describedby=\"caption-attachment-1129\" class=\"size-medium wp-image-1129\" src=\"https:\/\/wordpress.clarku.edu\/arth223leir2025\/wp-content\/uploads\/sites\/918\/2025\/06\/IMG_0425-225x300.jpeg\" alt=\"\" width=\"225\" height=\"300\" srcset=\"https:\/\/wordpress.clarku.edu\/arth223leir2025\/wp-content\/uploads\/sites\/918\/2025\/06\/IMG_0425-225x300.jpeg 225w, https:\/\/wordpress.clarku.edu\/arth223leir2025\/wp-content\/uploads\/sites\/918\/2025\/06\/IMG_0425-768x1024.jpeg 768w, https:\/\/wordpress.clarku.edu\/arth223leir2025\/wp-content\/uploads\/sites\/918\/2025\/06\/IMG_0425-1152x1536.jpeg 1152w, https:\/\/wordpress.clarku.edu\/arth223leir2025\/wp-content\/uploads\/sites\/918\/2025\/06\/IMG_0425-1536x2048.jpeg 1536w, https:\/\/wordpress.clarku.edu\/arth223leir2025\/wp-content\/uploads\/sites\/918\/2025\/06\/IMG_0425-263x350.jpeg 263w, https:\/\/wordpress.clarku.edu\/arth223leir2025\/wp-content\/uploads\/sites\/918\/2025\/06\/IMG_0425-113x150.jpeg 113w, https:\/\/wordpress.clarku.edu\/arth223leir2025\/wp-content\/uploads\/sites\/918\/2025\/06\/IMG_0425-scaled.jpeg 1920w\" sizes=\"auto, (max-width: 225px) 100vw, 225px\" \/><p id=\"caption-attachment-1129\" class=\"wp-caption-text\">Jemma Presenting outside <span style=\"font-weight: 400\">Kariye Camii<\/span><\/p><\/div>\n<div id=\"attachment_1125\" style=\"width: 235px\" class=\"wp-caption alignnone\"><img loading=\"lazy\" decoding=\"async\" aria-describedby=\"caption-attachment-1125\" class=\"size-medium wp-image-1125\" src=\"https:\/\/wordpress.clarku.edu\/arth223leir2025\/wp-content\/uploads\/sites\/918\/2025\/06\/IMG_0412-225x300.jpeg\" alt=\"\" width=\"225\" height=\"300\" srcset=\"https:\/\/wordpress.clarku.edu\/arth223leir2025\/wp-content\/uploads\/sites\/918\/2025\/06\/IMG_0412-225x300.jpeg 225w, https:\/\/wordpress.clarku.edu\/arth223leir2025\/wp-content\/uploads\/sites\/918\/2025\/06\/IMG_0412-768x1024.jpeg 768w, https:\/\/wordpress.clarku.edu\/arth223leir2025\/wp-content\/uploads\/sites\/918\/2025\/06\/IMG_0412-1152x1536.jpeg 1152w, https:\/\/wordpress.clarku.edu\/arth223leir2025\/wp-content\/uploads\/sites\/918\/2025\/06\/IMG_0412-1536x2048.jpeg 1536w, https:\/\/wordpress.clarku.edu\/arth223leir2025\/wp-content\/uploads\/sites\/918\/2025\/06\/IMG_0412-263x350.jpeg 263w, https:\/\/wordpress.clarku.edu\/arth223leir2025\/wp-content\/uploads\/sites\/918\/2025\/06\/IMG_0412-113x150.jpeg 113w, https:\/\/wordpress.clarku.edu\/arth223leir2025\/wp-content\/uploads\/sites\/918\/2025\/06\/IMG_0412-scaled.jpeg 1920w\" sizes=\"auto, (max-width: 225px) 100vw, 225px\" \/><p id=\"caption-attachment-1125\" class=\"wp-caption-text\">Mosaic of Christ and the Apostles inside <span style=\"font-weight: 400\">Kariye Camii<\/span><\/p><\/div>\n<div id=\"attachment_1124\" style=\"width: 235px\" class=\"wp-caption alignnone\"><img loading=\"lazy\" decoding=\"async\" aria-describedby=\"caption-attachment-1124\" class=\"size-medium wp-image-1124\" src=\"https:\/\/wordpress.clarku.edu\/arth223leir2025\/wp-content\/uploads\/sites\/918\/2025\/06\/IMG_0406-225x300.jpeg\" alt=\"\" width=\"225\" height=\"300\" srcset=\"https:\/\/wordpress.clarku.edu\/arth223leir2025\/wp-content\/uploads\/sites\/918\/2025\/06\/IMG_0406-225x300.jpeg 225w, https:\/\/wordpress.clarku.edu\/arth223leir2025\/wp-content\/uploads\/sites\/918\/2025\/06\/IMG_0406-768x1024.jpeg 768w, https:\/\/wordpress.clarku.edu\/arth223leir2025\/wp-content\/uploads\/sites\/918\/2025\/06\/IMG_0406-1152x1536.jpeg 1152w, https:\/\/wordpress.clarku.edu\/arth223leir2025\/wp-content\/uploads\/sites\/918\/2025\/06\/IMG_0406-1536x2048.jpeg 1536w, https:\/\/wordpress.clarku.edu\/arth223leir2025\/wp-content\/uploads\/sites\/918\/2025\/06\/IMG_0406-263x350.jpeg 263w, https:\/\/wordpress.clarku.edu\/arth223leir2025\/wp-content\/uploads\/sites\/918\/2025\/06\/IMG_0406-113x150.jpeg 113w, https:\/\/wordpress.clarku.edu\/arth223leir2025\/wp-content\/uploads\/sites\/918\/2025\/06\/IMG_0406-scaled.jpeg 1920w\" sizes=\"auto, (max-width: 225px) 100vw, 225px\" \/><p id=\"caption-attachment-1124\" class=\"wp-caption-text\">Stray cat outside <span style=\"font-weight: 400\">Kariye Camii<\/span><\/p><\/div>\n<div id=\"attachment_1127\" style=\"width: 235px\" class=\"wp-caption alignnone\"><img loading=\"lazy\" decoding=\"async\" aria-describedby=\"caption-attachment-1127\" class=\"size-medium wp-image-1127\" src=\"https:\/\/wordpress.clarku.edu\/arth223leir2025\/wp-content\/uploads\/sites\/918\/2025\/06\/IMG_0416-225x300.jpeg\" alt=\"\" width=\"225\" height=\"300\" srcset=\"https:\/\/wordpress.clarku.edu\/arth223leir2025\/wp-content\/uploads\/sites\/918\/2025\/06\/IMG_0416-225x300.jpeg 225w, https:\/\/wordpress.clarku.edu\/arth223leir2025\/wp-content\/uploads\/sites\/918\/2025\/06\/IMG_0416-768x1024.jpeg 768w, https:\/\/wordpress.clarku.edu\/arth223leir2025\/wp-content\/uploads\/sites\/918\/2025\/06\/IMG_0416-1152x1536.jpeg 1152w, https:\/\/wordpress.clarku.edu\/arth223leir2025\/wp-content\/uploads\/sites\/918\/2025\/06\/IMG_0416-1536x2048.jpeg 1536w, https:\/\/wordpress.clarku.edu\/arth223leir2025\/wp-content\/uploads\/sites\/918\/2025\/06\/IMG_0416-263x350.jpeg 263w, https:\/\/wordpress.clarku.edu\/arth223leir2025\/wp-content\/uploads\/sites\/918\/2025\/06\/IMG_0416-113x150.jpeg 113w, https:\/\/wordpress.clarku.edu\/arth223leir2025\/wp-content\/uploads\/sites\/918\/2025\/06\/IMG_0416-scaled.jpeg 1920w\" sizes=\"auto, (max-width: 225px) 100vw, 225px\" \/><p id=\"caption-attachment-1127\" class=\"wp-caption-text\">Mosaics on ceiling in <span style=\"font-weight: 400\">Kariye Camii<\/span><\/p><\/div>\n<p><b>The Land Walls of Constantinople<\/b><\/p>\n<p><span style=\"font-weight: 400\">A short walk from the last presentation (and back up the large hill) brought us to the park where Kacie presented. We learned about the fortifications that protected Constantinople on land, as opposed to defensive sea walls which we have seen a few examples of.&nbsp;<\/span><\/p>\n<p><span style=\"font-weight: 400\">The walls were originally built in the fourth century during the Byzantine period and they were expanded throughout their life of use. We learned that there were rooms within the walls that contained frescos of Saints related to protection.<\/span><\/p>\n<p><span style=\"font-weight: 400\">One of Kacie\u2019s discussion questions asked about connections between old and modern interpretations of borders, which was very interesting.&nbsp;<\/span><\/p>\n<div id=\"attachment_1131\" style=\"width: 235px\" class=\"wp-caption alignnone\"><img loading=\"lazy\" decoding=\"async\" aria-describedby=\"caption-attachment-1131\" class=\"size-medium wp-image-1131\" src=\"https:\/\/wordpress.clarku.edu\/arth223leir2025\/wp-content\/uploads\/sites\/918\/2025\/06\/IMG_0431-225x300.jpeg\" alt=\"\" width=\"225\" height=\"300\" srcset=\"https:\/\/wordpress.clarku.edu\/arth223leir2025\/wp-content\/uploads\/sites\/918\/2025\/06\/IMG_0431-225x300.jpeg 225w, https:\/\/wordpress.clarku.edu\/arth223leir2025\/wp-content\/uploads\/sites\/918\/2025\/06\/IMG_0431-768x1024.jpeg 768w, https:\/\/wordpress.clarku.edu\/arth223leir2025\/wp-content\/uploads\/sites\/918\/2025\/06\/IMG_0431-1152x1536.jpeg 1152w, https:\/\/wordpress.clarku.edu\/arth223leir2025\/wp-content\/uploads\/sites\/918\/2025\/06\/IMG_0431-1536x2048.jpeg 1536w, https:\/\/wordpress.clarku.edu\/arth223leir2025\/wp-content\/uploads\/sites\/918\/2025\/06\/IMG_0431-263x350.jpeg 263w, https:\/\/wordpress.clarku.edu\/arth223leir2025\/wp-content\/uploads\/sites\/918\/2025\/06\/IMG_0431-113x150.jpeg 113w, https:\/\/wordpress.clarku.edu\/arth223leir2025\/wp-content\/uploads\/sites\/918\/2025\/06\/IMG_0431-scaled.jpeg 1920w\" sizes=\"auto, (max-width: 225px) 100vw, 225px\" \/><p id=\"caption-attachment-1131\" class=\"wp-caption-text\">The Land Walls and a Basketball Court<img loading=\"lazy\" decoding=\"async\" class=\"size-medium wp-image-1130\" style=\"font-weight: bold;font-size: 12px\" src=\"https:\/\/wordpress.clarku.edu\/arth223leir2025\/wp-content\/uploads\/sites\/918\/2025\/06\/IMG_0432-300x225.jpeg\" alt=\"\" width=\"300\" height=\"225\" srcset=\"https:\/\/wordpress.clarku.edu\/arth223leir2025\/wp-content\/uploads\/sites\/918\/2025\/06\/IMG_0432-300x225.jpeg 300w, https:\/\/wordpress.clarku.edu\/arth223leir2025\/wp-content\/uploads\/sites\/918\/2025\/06\/IMG_0432-1024x768.jpeg 1024w, https:\/\/wordpress.clarku.edu\/arth223leir2025\/wp-content\/uploads\/sites\/918\/2025\/06\/IMG_0432-768x576.jpeg 768w, https:\/\/wordpress.clarku.edu\/arth223leir2025\/wp-content\/uploads\/sites\/918\/2025\/06\/IMG_0432-1536x1152.jpeg 1536w, https:\/\/wordpress.clarku.edu\/arth223leir2025\/wp-content\/uploads\/sites\/918\/2025\/06\/IMG_0432-2048x1536.jpeg 2048w, https:\/\/wordpress.clarku.edu\/arth223leir2025\/wp-content\/uploads\/sites\/918\/2025\/06\/IMG_0432-467x350.jpeg 467w, https:\/\/wordpress.clarku.edu\/arth223leir2025\/wp-content\/uploads\/sites\/918\/2025\/06\/IMG_0432-150x113.jpeg 150w\" sizes=\"auto, (max-width: 300px) 100vw, 300px\" \/><\/p><\/div>\n<p>The Land Walls<b>Lunch!!<\/b><\/p>\n<p><span style=\"font-weight: 400\">For lunch we walked towards what seemed to be a hub of activity. The group settled on a d\u00fcr\u00fcm place to appease the hunger of the day. I ordered an urfa d\u00fcr\u00fcm, which is lamb. I usually order chicken but was excited when my food came and it was delicious. Urfa is a type of seasoning often with flavors of a sun-dried Turkish pepper with underlying sweet tones of raisins and chocolate.&nbsp;<\/span><\/p>\n<p><span style=\"font-weight: 400\">After lunch, we did some souvenir shopping. There was much time spent at a sunglasses stand. We also found an ice cream shop where I ordered chocolate orange. It was so good I ordered seconds.&nbsp;<\/span><\/p>\n<p><span style=\"font-weight: 400\">After the chill afternoon break, we were back on our Medieval Mediterranean Cities class grind. We got on a bus that took us to the tram station, which was maybe one of the most crowded places I have ever been. We were uncomfortably packed on to the tram like sardines. It was hot, loud and personal space was nonexistent. We preserved though, and got to our destination.&nbsp;<\/span><\/p>\n<div id=\"attachment_1132\" style=\"width: 310px\" class=\"wp-caption alignnone\"><img loading=\"lazy\" decoding=\"async\" aria-describedby=\"caption-attachment-1132\" class=\"size-medium wp-image-1132\" src=\"https:\/\/wordpress.clarku.edu\/arth223leir2025\/wp-content\/uploads\/sites\/918\/2025\/06\/IMG_0438-300x225.jpeg\" alt=\"\" width=\"300\" height=\"225\" srcset=\"https:\/\/wordpress.clarku.edu\/arth223leir2025\/wp-content\/uploads\/sites\/918\/2025\/06\/IMG_0438-300x225.jpeg 300w, https:\/\/wordpress.clarku.edu\/arth223leir2025\/wp-content\/uploads\/sites\/918\/2025\/06\/IMG_0438-1024x768.jpeg 1024w, https:\/\/wordpress.clarku.edu\/arth223leir2025\/wp-content\/uploads\/sites\/918\/2025\/06\/IMG_0438-768x576.jpeg 768w, https:\/\/wordpress.clarku.edu\/arth223leir2025\/wp-content\/uploads\/sites\/918\/2025\/06\/IMG_0438-1536x1152.jpeg 1536w, https:\/\/wordpress.clarku.edu\/arth223leir2025\/wp-content\/uploads\/sites\/918\/2025\/06\/IMG_0438-2048x1536.jpeg 2048w, https:\/\/wordpress.clarku.edu\/arth223leir2025\/wp-content\/uploads\/sites\/918\/2025\/06\/IMG_0438-467x350.jpeg 467w, https:\/\/wordpress.clarku.edu\/arth223leir2025\/wp-content\/uploads\/sites\/918\/2025\/06\/IMG_0438-150x113.jpeg 150w\" sizes=\"auto, (max-width: 300px) 100vw, 300px\" \/><p id=\"caption-attachment-1132\" class=\"wp-caption-text\">Luncg<\/p><\/div>\n<div id=\"attachment_1133\" style=\"width: 235px\" class=\"wp-caption alignnone\"><img loading=\"lazy\" decoding=\"async\" aria-describedby=\"caption-attachment-1133\" class=\"size-medium wp-image-1133\" src=\"https:\/\/wordpress.clarku.edu\/arth223leir2025\/wp-content\/uploads\/sites\/918\/2025\/06\/IMG_0446-225x300.jpeg\" alt=\"\" width=\"225\" height=\"300\" srcset=\"https:\/\/wordpress.clarku.edu\/arth223leir2025\/wp-content\/uploads\/sites\/918\/2025\/06\/IMG_0446-225x300.jpeg 225w, https:\/\/wordpress.clarku.edu\/arth223leir2025\/wp-content\/uploads\/sites\/918\/2025\/06\/IMG_0446-768x1024.jpeg 768w, https:\/\/wordpress.clarku.edu\/arth223leir2025\/wp-content\/uploads\/sites\/918\/2025\/06\/IMG_0446-1152x1536.jpeg 1152w, https:\/\/wordpress.clarku.edu\/arth223leir2025\/wp-content\/uploads\/sites\/918\/2025\/06\/IMG_0446-1536x2048.jpeg 1536w, https:\/\/wordpress.clarku.edu\/arth223leir2025\/wp-content\/uploads\/sites\/918\/2025\/06\/IMG_0446-263x350.jpeg 263w, https:\/\/wordpress.clarku.edu\/arth223leir2025\/wp-content\/uploads\/sites\/918\/2025\/06\/IMG_0446-113x150.jpeg 113w, https:\/\/wordpress.clarku.edu\/arth223leir2025\/wp-content\/uploads\/sites\/918\/2025\/06\/IMG_0446-scaled.jpeg 1920w\" sizes=\"auto, (max-width: 225px) 100vw, 225px\" \/><p id=\"caption-attachment-1133\" class=\"wp-caption-text\">Gabby trying on glasses<\/p><\/div>\n<p><b>Basilica Cistern<\/b><\/p>\n<p><span style=\"font-weight: 400\">The Basilica Cistern was the last stop of the day. It was also the last student presentation location which was presented by yours truly (me!).&nbsp;<\/span><\/p>\n<p><span style=\"font-weight: 400\">The Cistern was built for water storage during the Byzantine period but was abandoned under Ottoman rule. It is a huge underground storage room that is as big as a warehouse. It is supported by columns that were taken from other sites during construction, this results in nearly each of the 336 columns being unique.&nbsp;<\/span><\/p>\n<p><span style=\"font-weight: 400\">A column that looks like a trunk of a tree covered in knots is one of the most famous. There were also two statue heads of Medusa that supported some columns near the back of the cistern.&nbsp;<\/span><\/p>\n<div id=\"attachment_1136\" style=\"width: 235px\" class=\"wp-caption alignnone\"><img loading=\"lazy\" decoding=\"async\" aria-describedby=\"caption-attachment-1136\" class=\"size-medium wp-image-1136\" src=\"https:\/\/wordpress.clarku.edu\/arth223leir2025\/wp-content\/uploads\/sites\/918\/2025\/06\/IMG_0461-225x300.jpeg\" alt=\"\" width=\"225\" height=\"300\" srcset=\"https:\/\/wordpress.clarku.edu\/arth223leir2025\/wp-content\/uploads\/sites\/918\/2025\/06\/IMG_0461-225x300.jpeg 225w, https:\/\/wordpress.clarku.edu\/arth223leir2025\/wp-content\/uploads\/sites\/918\/2025\/06\/IMG_0461-768x1024.jpeg 768w, https:\/\/wordpress.clarku.edu\/arth223leir2025\/wp-content\/uploads\/sites\/918\/2025\/06\/IMG_0461-1152x1536.jpeg 1152w, https:\/\/wordpress.clarku.edu\/arth223leir2025\/wp-content\/uploads\/sites\/918\/2025\/06\/IMG_0461-1536x2048.jpeg 1536w, https:\/\/wordpress.clarku.edu\/arth223leir2025\/wp-content\/uploads\/sites\/918\/2025\/06\/IMG_0461-263x350.jpeg 263w, https:\/\/wordpress.clarku.edu\/arth223leir2025\/wp-content\/uploads\/sites\/918\/2025\/06\/IMG_0461-113x150.jpeg 113w, https:\/\/wordpress.clarku.edu\/arth223leir2025\/wp-content\/uploads\/sites\/918\/2025\/06\/IMG_0461-scaled.jpeg 1920w\" sizes=\"auto, (max-width: 225px) 100vw, 225px\" \/><p id=\"caption-attachment-1136\" class=\"wp-caption-text\">Interior of the Basilica Cistern<\/p><\/div>\n<div id=\"attachment_1137\" style=\"width: 235px\" class=\"wp-caption alignnone\"><img loading=\"lazy\" decoding=\"async\" aria-describedby=\"caption-attachment-1137\" class=\"size-medium wp-image-1137\" src=\"https:\/\/wordpress.clarku.edu\/arth223leir2025\/wp-content\/uploads\/sites\/918\/2025\/06\/IMG_0475-225x300.jpeg\" alt=\"\" width=\"225\" height=\"300\" srcset=\"https:\/\/wordpress.clarku.edu\/arth223leir2025\/wp-content\/uploads\/sites\/918\/2025\/06\/IMG_0475-225x300.jpeg 225w, https:\/\/wordpress.clarku.edu\/arth223leir2025\/wp-content\/uploads\/sites\/918\/2025\/06\/IMG_0475-768x1024.jpeg 768w, https:\/\/wordpress.clarku.edu\/arth223leir2025\/wp-content\/uploads\/sites\/918\/2025\/06\/IMG_0475-1152x1536.jpeg 1152w, https:\/\/wordpress.clarku.edu\/arth223leir2025\/wp-content\/uploads\/sites\/918\/2025\/06\/IMG_0475-1536x2048.jpeg 1536w, https:\/\/wordpress.clarku.edu\/arth223leir2025\/wp-content\/uploads\/sites\/918\/2025\/06\/IMG_0475-263x350.jpeg 263w, https:\/\/wordpress.clarku.edu\/arth223leir2025\/wp-content\/uploads\/sites\/918\/2025\/06\/IMG_0475-113x150.jpeg 113w, https:\/\/wordpress.clarku.edu\/arth223leir2025\/wp-content\/uploads\/sites\/918\/2025\/06\/IMG_0475-scaled.jpeg 1920w\" sizes=\"auto, (max-width: 225px) 100vw, 225px\" \/><p id=\"caption-attachment-1137\" class=\"wp-caption-text\">Medusa column<\/p><\/div>\n<p><b>The Rest of the Evening<\/b><\/p>\n<p><span style=\"font-weight: 400\">We went to the Blue Mosque as a class, something we have been trying to make time for since the first day in Istanbul. It was gorgeous inside, with ornate ceiling decoration and stained glass.&nbsp;<\/span><\/p>\n<p><span style=\"font-weight: 400\">On the way back to the hotel we stopped for some corn and roasted chestnuts from the stands that are all over the city. It was a tasty snack!<\/span><\/p>\n<p><span style=\"font-weight: 400\">I ended my day by playing a card game with Sophie, Ana and Gabby.&nbsp;<\/span><\/p>\n<p><span style=\"font-weight: 400\">Goodnight!<\/span><\/p>\n","protected":false},"excerpt":{"rendered":"<p>Blogger, Grace Bramer Good morning campers!!&nbsp; &nbsp; Today was filled with presentations and transportation adventures.&nbsp; The highlights:&nbsp; Kariye Camii with a presentation by Jemma. Park with a view of the Land Walls of Constantinople and a presentation by Kacie Lunch and shopping with scrumptious ice cream The Basilica Cistern with &#8230; <a class=\"continue-reading-link\" href=\"https:\/\/wordpress.clarku.edu\/arth223leir2025\/turkey\/saturday-june-7-2025\/\"> Continue reading<\/a><\/p>\n","protected":false},"author":2215,"featured_media":0,"parent":123,"menu_order":6,"comment_status":"closed","ping_status":"closed","template":"","meta":{"ngg_post_thumbnail":0,"footnotes":""},"class_list":["post-133","page","type-page","status-publish","hentry"],"_links":{"self":[{"href":"https:\/\/wordpress.clarku.edu\/arth223leir2025\/wp-json\/wp\/v2\/pages\/133","targetHints":{"allow":["GET"]}}],"collection":[{"href":"https:\/\/wordpress.clarku.edu\/arth223leir2025\/wp-json\/wp\/v2\/pages"}],"about":[{"href":"https:\/\/wordpress.clarku.edu\/arth223leir2025\/wp-json\/wp\/v2\/types\/page"}],"author":[{"embeddable":true,"href":"https:\/\/wordpress.clarku.edu\/arth223leir2025\/wp-json\/wp\/v2\/users\/2215"}],"replies":[{"embeddable":true,"href":"https:\/\/wordpress.clarku.edu\/arth223leir2025\/wp-json\/wp\/v2\/comments?post=133"}],"version-history":[{"count":0,"href":"https:\/\/wordpress.clarku.edu\/arth223leir2025\/wp-json\/wp\/v2\/pages\/133\/revisions"}],"up":[{"embeddable":true,"href":"https:\/\/wordpress.clarku.edu\/arth223leir2025\/wp-json\/wp\/v2\/pages\/123"}],"wp:attachment":[{"href":"https:\/\/wordpress.clarku.edu\/arth223leir2025\/wp-json\/wp\/v2\/media?parent=133"}],"curies":[{"name":"wp","href":"https:\/\/api.w.org\/{rel}","templated":true}]}}